-1e - -1802?
17e4
In base 11, what is -3a - -17a0a?
17980
In base 16, what is 11f + 1385?
14a4
In base 7, what is 66 + -224361?
-224262
In base 3, what is 10022110 + -2101101?
221002
In base 15, what is -18 + -753?
-76b
In base 2, what is 10000100110001010 - 10011?
10000100101110111
In base 3, what is 1 - 1200000211?
-1200000210
In base 11, what is -408931 - -2?
-40892a
In base 7, what is -4360 + 543?
-3514
In base 4, what is 0 + 1211230300?
1211230300
In base 7, what is 534165 - 0?
534165
In base 6, what is -2003505 + -3?
-2003512
In base 7, what is 61165 - 43?
61122
In base 13, what is -16c231 + -2?
-16c233
In base 6, what is -1323042 - 32?
-1323114
In base 10, what is 10273 + 2?
10275
In base 7, what is 4 - -113231?
113235
In base 4, what is -11 - -1210001103?
1210001032
In base 11, what is 0 + 250aa1?
250aa1
In base 4, what is -203 + 121130332?
121130123
In base 6, what is 23 - -2041?
2104
In base 8, what is 316346 - -5?
316353
In base 7, what is -6503 - -136?
-6334
In base 7, what is 43230 - -126?
43356
In base 7, what is -2434 + -2?
-2436
In base 16, what is 1 + 4e33?
4e34
In base 4, what is -20110101 + 212?
-20103223
In base 8, what is -23 + 13650?
13625
In base 15, what is 9 - 1267?
-125d
In base 9, what is -81322 + 10?
-81312
In base 4, what is 0 + -233133?
-233133
In base 9, what is 2378 - 15?
2363
In base 16, what is -1 - b6f4e?
-b6f4f
In base 11, what is 886a + -17?
8853
In base 16, what is 34f6 + -1e?
34d8
In base 2, what is 1010110011111 - -100001001?
1011010101000
In base 8, what is -4462111 - -5?
-4462104
In base 7, what is 5 - 3100016?
-3100011
In base 8, what is 136 + 1161?
1317
In base 7, what is -223 + 15532?
15306
In base 2, what is -100 - -1001011100110111110?
1001011100110111010
In base 8, what is 16520 - 11?
16507
In base 13, what is -4c - -a09?
98a
In base 16, what is 7ae79 - 8?
7ae71
In base 15, what is 1bb70 + 6?
1bb76
In base 4, what is 0 + -20223?
-20223
In base 10, what is 36861 - -18?
36879
In base 13, what is -5 + -11483?
-11488
In base 13, what is -a - -11a7?
119a
In base 3, what is 10121 - -1222?
12120
In base 13, what is 2 - -30686?
30688
In base 2, what is 11010010110 + 1010?
11010100000
In base 16, what is -4ff0 + 1?
-4fef
In base 6, what is 2250455 + -3?
2250452
In base 13, what is -409 + 6?
-403
In base 13, what is -33 - 74b?
-781
In base 14, what is -2 - -1866?
1864
In base 4, what is 2112020 + 301?
2112321
In base 9, what is 550164 + 2?
550166
In base 6, what is 4125 + -1330?
2355
In base 4, what is 1212 - 1003000?
-1001122
In base 11, what is -16633 - -1?
-16632
In base 15, what is -6 + -1ce?
-1d5
In base 2, what is -1 + -10001011101111111000?
-10001011101111111001
In base 14, what is 12d7c + 1?
12d7d
In base 14, what is -18b + 45?
-146
In base 15, what is 8b0e - -93?
8ba2
In base 15, what is -ec6 + 12?
-eb4
In base 7, what is -304 + 4453?
4146
In base 5, what is -2233 - 230?
-3013
In base 7, what is 101201 + -434?
100434
In base 14, what is 9 + -95267?
-9525c
In base 16, what is 2a + -a90?
-a66
In base 10, what is -227886 - -1?
-227885
In base 10, what is -3 + 23664?
23661
In base 2, what is -101110 - 1110110?
-10100100
In base 12, what is 0 + 25559?
25559
In base 15, what is 26 + 1104?
112a
In base 9, what is 3 + 263621?
263624
In base 10, what is 4132 - 7?
4125
In base 14, what is -28ad - 1?
-28b0
In base 2, what is 101110001100 + 1010?
101110010110
In base 10, what is -3 - 256142?
-256145
In base 10, what is -421 - -132?
-289
In base 15, what is 0 - -130667?
130667
In base 14, what is 4dc4 + -9?
4db9
In base 10, what is 2 - -780526?
780528
In base 7, what is -203 - 1650?
-2153
In base 15, what is 2b87 + a4?
2c3b
In base 16, what is f - 4b0?
-4a1
In base 12, what is 6458 - -4?
6460
In base 5, what is -10 + 224120320?
224120310
In base 16, what is -564a - -21?
-5629
In base 3, what is -1120122 - -112121?
-1001001
In base 5, what is 110020204 + 4?
110020213
In base 13, what is 13 + 8?
1b
In base 11, what is -325 + -113?
-438
In base 8, what is 67 - -31303?
31372
In base 2, what is -1011110000100 + 1010010?
-1011100110010
In base 6, what is 11 + 23453?
23504
In base 16, what is -16ed1 + 5?
-16ecc
In base 12, what is 154 - -138?
290
In base 7, what is -30 - -25022?
24662
In base 11, what is -6932 + -8?
-693a
In base 16, what is 9 - fc5?
-fbc
In base 13, what is 5 - 4c28?
-4c23
In base 5, what is -1022 - 14?
-1041
In base 15, what is 2 + 101bb?
101bd
In base 3, what is 1 - 200012002021?
-200012002020
In base 14, what is 6c + -46?
26
In base 3, what is 12022000101021 + 1?
12022000101022
In base 10, what is -853 - -594?
-259
In base 2, what is 101 - -10100110111101110?
10100110111110011
In base 4, what is -1320110 - 3?
-1320113
In base 7, what is 164 - -11250?
11444
In base 5, what is -1114 + -2233142?
-2234311
In base 15, what is -1665 + a?
-165a
In base 9, what is -2 - -11225?
11223
In base 8, what is 6 + 175?
203
In base 10, what is 215109 + 3?
215112
In base 6, what is -234 + -35522?
-40200
In base 3, what is -2001102 + 120101?
-1111001
In base 7, what is 1 - 545501?
-545500
In base 9, what is 10486 + -81?
10405
In base 6, what is 131 - 32205?
-32034
In base 2, what is -11101001010001 + -101?
-11101001010110
In base 14, what is -24807 - -4?
-24803
In base 13, what is -264580 + -2?
-264582
In base 12, what is 530 + 16?
546
In base 9, what is 7 + -600?
-582
In base 13, what is 58 + -1040?
-cb5
In base 15, what is -105 - 30?
-135
In base 4, what is 1121323 + -323?
1121000
In base 10, what is -246 + 3?
-243
In base 10, what is 26 + 37802?
37828
In base 2, what is -1 - -11001000011000101100?
11001000011000101011
In base 14, what is -7 + 25158?
25151
In base 16, what is -3 - -a34e?
a34b
In base 8, what is 5 + 13710?
13715
In base 3, what is 21 - 111002?
-110211
In base 14, what is 0 - -58c9b?
58c9b
In base 9, what is -8614816 + -5?
-8614822
In base 5, what is -24 + 2403032?
2403003
In base 8, what is 560611 - -5?
560616
In base 16, what is 4e + 233d?
238b
In base 5, what is 14011 - 10132?
3324
In base 11, what is 25 + 16a24?
16a49
In base 9, what is 638 + -10648?
-10010
In base 15, what is -7 + -1231?
-1238
In base 6, what is -1000 + 1102?
102
In base 13, what is -b131 - 16?
-b147
In base 7, what is -241 - -1402?
1131
In base 5, what is 1300 - 2?
1243
In base 7, what is 563 + 4553?
5446
In base 6, what is 141 - 2201?
-2020
In base 10, what is 1422896 + -3?
1422893
In base 3, what is 20101 - 10020101?
-10000000
In base 9, what is -184374 + 7?
-184366
In base 10, what is -10 - -80682?
80672
In base 8, what is 1577 - -540?
2337
In base 10, what is 5 - -862235?
862240
In base 13, what is -2 - 68?
-6a
In base 7, what is 1 + -26060?
-26056
In base 5, what is -142031 + 10344?
-131132
In base 11, what is -27415 - 0?
-27415
In base 7, what is -122021 - -2?
-122016
In base 14, what is 422 - 591?
-16d
In base 10, what is -6 + -84922?
-84928
In base 12, what is -94414 + -2?
-94416
In base 5, what is -32 + -3333342?
-3333424
In base 12, what is 1b65 - -16?
1b7b
In base 13, what is 1925 + 0?
1925
In base 14, what is -4a + -77?
-c3
In base 15, what is e - -27a2?
27b1
In base 15, what is -327 - 1b4?
-4db
In base 11, what is -1678 + -32?
-16aa
In base 9, what is 1763 + 874?
2747
In base 3, what is 0 - 212222101?
-212222101
In base 2, what is -101110 - 10111101101101?
-10111110011011
In base 16, what is 3d9 + 64?
43d
In base 16, what is -380 - -25?
-35b
In base 8, what is -7723 + 104?
-7617
In base 12, what is -68 + -463?
-50b
In base 12, what is -6038 + 6?
-6032
In base 2, what is 1001111101101011100 + -11?
1001111101101011001
In base 9, what is 465 + -4206?
-3631
In base 3, what is -201002211110 - 11?
-201002211121
In base 4, what is 1130003 + 12122?
1202131
In base 12, what is a773 - 66?
a709
In base 14, what is 118 - 699?
-581
In base 5, what is -3011 + 32011?
24000
In base 12, what is 33a15 + 5?
33a1a
In base 13, what is -bb + -15b?
-249
In base 15, what is -5c - 39b?
-408
In base 7, what is 12222351 - 1?
12222350
In base 3, what is 1111112210202 + -2?
1111112210200
In base 15, what is -1a58a8 - 3?
-1a58ab
In base 6, what is -13 - 1423?
-1440
In base 15, what is -46e - e8?
-567
In base 14, what is -1a - -4443?
4427
In base 12, what is 15 + 2a1?
2b6
In base 10, what is 1000 - 716?
284
In base 16, what is -1d3 - -ec3?